11
Calculate the remainder when 407 is divided by 100.
7
What is the remainder when 31619 is divided by 47?
35
Calculate the remainder when 1768 is divided by 212.
72
What is the remainder when 4555 is divided by 4465?
90
What is the remainder when 260 is divided by 224?
36
What is the remainder when 3887 is divided by 3780?
107
Calculate the remainder when 218615 is divided by 871.
865
Calculate the remainder when 309658 is divided by 4.
2
What is the remainder when 116423 is divided by 378?
377
What is the remainder when 47000 is divided by 11749?
4
What is the remainder when 11942 is divided by 356?
194
Calculate the remainder when 151701 is divided by 129.
126
Calculate the remainder when 150677 is divided by 151.
130
What is the remainder when 6235 is divided by 18?
7
Calculate the remainder when 571447 is divided by 114288.
7
Calculate the remainder when 5441 is divided by 3.
2
Calculate the remainder when 1723 is divided by 422.
35
Calculate the remainder when 51689 is divided by 5.
4
Calculate the remainder when 77930 is divided by 56.
34
Calculate the remainder when 5276 is divided by 406.
404
What is the remainder when 10256 is divided by 13?
12
What is the remainder when 682 is divided by 551?
131
Calculate the remainder when 452830 is divided by 64690.
0
Calculate the remainder when 20249 is divided by 32.
25
Calculate the remainder when 511686 is divided by 181.
180
What is the remainder when 36972 is divided by 628?
548
Calculate the remainder when 584 is divided by 201.
182
Calculate the remainder when 5576 is divided by 81.
68
Calculate the remainder when 79915 is divided by 173.
162
Calculate the remainder when 34663 is divided by 3.
1
Calculate the remainder when 12329 is divided by 268.
1
Calculate the remainder when 313439 is divided by 19.
15
Calculate the remainder when 29290 is divided by 151.
147
What is the remainder when 29694 is divided by 33?
27
Calculate the remainder when 648149 is divided by 447.
446
Calculate the remainder when 4956 is divided by 171.
168
What is the remainder when 8565 is divided by 714?
711
Calculate the remainder when 3552882 is divided by 148.
142
What is the remainder when 860004 is divided by 24?
12
Calculate the remainder when 5658 is divided by 5655.
3
What is the remainder when 231077 is divided by 565?
557
Calculate the remainder when 106893 is divided by 4452.
45
What is the remainder when 9884 is divided by 97?
87
Calculate the remainder when 30041 is divided by 9.
8
Calculate the remainder when 8766 is divided by 12.
6
Calculate the remainder when 13062 is divided by 47.
43
What is the remainder when 1596 is divided by 322?
308
What is the remainder when 102997 is divided by 2239?
3
What is the remainder when 2979 is divided by 1?
0
Calculate the remainder when 133366 is divided by 219.
214
Calculate the remainder when 51310 is divided by 25652.
6
Calculate the remainder when 69950 is divided by 526.
518
What is the remainder when 3927 is divided by 1931?
65
Calculate the remainder when 8953 is divided by 49.
35
What is the remainder when 34417 is divided by 17208?
1
Calculate the remainder when 59510 is divided by 87.
2
What is the remainder when 29577 is divided by 6?
3
What is the remainder when 6236 is divided by 138?
26
Calculate the remainder when 30515 is divided by 9.
5
Calculate the remainder when 26886 is divided by 5.
1
Calculate the remainder when 29142 is divided by 67.
64
Calculate the remainder when 3211 is divided by 399.
19
What is the remainder when 39116 is divided by 12920?
356
What is the remainder when 2579 is divided by 144?
131
What is the remainder when 2367 is divided by 112?
15
What is the remainder when 2608 is divided by 21?
4
What is the remainder when 32812 is divided by 30?
22
Calculate the remainder when 58023 is divided by 50.
23
What is the remainder when 3916 is divided by 933?
184
What is the remainder when 33911 is divided by 21?
17
What is the remainder when 3010 is divided by 275?
260
What is the remainder when 17908 is divided by 239?
222
Calculate the remainder when 5961 is divided by 115.
96
What is the remainder when 2126 is divided by 543?
497
Calculate the remainder when 62149 is divided by 68.
65
Calculate the remainder when 9151 is divided by 9118.
33
What is the remainder when 115388 is divided by 41?
14
Calculate the remainder when 17822 is divided by 23.
20
What is the remainder when 270882 is divided by 12899?
3
Calculate the remainder when 437 is divided by 20.
17
Calculate the remainder when 4154 is divided by 1925.
304
Calculate the remainder when 6826 is divided by 18.
4
What is the remainder when 4650161 is divided by 6?
5
What is the remainder when 21377 is divided by 255?
212
What is the remainder when 528 is divided by 36?
24
Calculate the remainder when 2409674 is divided by 43.
40
Calculate the remainder when 64260 is divided by 32117.
26
Calculate the remainder when 3084 is divided by 899.
387
Calculate the remainder when 70421 is divided by 114.
83
What is the remainder when 4425 is divided by 203?
162
Calculate the remainder when 3071 is divided by 951.
218
What is the remainder when 76647 is divided by 76634?
13
Calculate the remainder when 15074 is divided by 75.
74
Calculate the remainder when 7320 is divided by 1463.
5
What is the remainder when 1225 is divided by 506?
213
What is the remainder when 1625 is divided by 81?
5
Calculate the remainder when 10361 is divided by 207.
11
Calculate the remainder when 618 is divided by 186.
60
Calculate the remainder when 339765 is divided by 302.
15
Calculate the remainder when 2981271 is divided by 37.
33
Calculate the remainder when 17279 is divided by 5739.
62
Calculate the remainder when 29022 is divided by 14308.
406
Calculate the remainder when 60249 is divided by 20078.
15
What is the remainder when 17923 is divided by 17742?
181
Calculate the remainder when 19253 is divided by 12.
5
What is the remainder when 7448977 is divided by 220?
217
What is the remainder when 11420 is divided by 102?
98
Calculate the remainder when 23369 is divided by 49.
45
What is the remainder when 17521 is divided by 627?
592
Calculate the remainder when 24430 is divided by 57.
34
What is the remainder when 2299 is divided by 47?
43
Calculate the remainder when 3251 is divided by 227.
73
What is the remainder when 18860 is divided by 233?
220
Calculate the remainder when 2641 is divided by 407.
199
What is the remainder when 1179 is divided by 401?
377
What is the remainder when 2281 is divided by 980?
321
Calculate the remainder when 35879 is divided by 5.
4
What is the remainder when 206238 is divided by 23?
20
What is the remainder when 298023 is divided by 91?
89
Calculate the remainder when 8099 is divided by 82.
63
What is the remainder when 37870 is divided by 261?
25
What is the remainder when 166250 is divided by 811?
806
Calculate the remainder when 53800 is divided by 10757.
15
Calculate the remainder when 17316 is divided by 92.
20
Calculate the remainder when 504 is divided by 17.
11
Calculate the remainder when 3229 is divided by 1072.
13
Calculate the remainder when 29530 is divided by 14762.
6
Calculate the remainder when 411776 is divided by 303.
302
Calculate the remainder when 45683 is divided by 83.
33
Calculate the remainder when 5966 is divided by 664.
654
Calculate the remainder when 8242 is divided by 2686.
184
Calculate the remainder when 78480 is divided by 4616.
8
What is the remainder when 4907 is divided by 28?
7
Calculate the remainder when 99745 is divided by 14245.
30
Calculate the remainder when 417360 is divided by 4.
0
Calculate the remainder when 1710 is divided by 15.
0
What is the remainder when 132476 is divided by 24?
20
Calculate the remainder when 2974 is divided by 433.
376
Calculate the remainder when 241789 is divided by 20.
9
What is the remainder when 36108 is divided by 380?
8
Calculate the remainder when 10624 is divided by 17.
16
What is the remainder when 39257 is divided by 62?
11
Calculate the remainder when 621 is divided by 94.
57
Calculate the remainder when 1273424 is divided by 271.
266
Calculate the remainder when 101804 is divided by 84.
80
What is the remainder when 82716 is divided by 9?
6
Calculate the remainder when 7869